 of 7 and 133.
7
Calculate the greatest common divisor of 16 and 172.
4
What is the highest common factor of 115 and 9545?
115
Calculate the highest common divisor of 2250 and 160.
10
What is the highest common factor of 3843 and 84?
21
Calculate the greatest common divisor of 276 and 144.
12
Calculate the greatest common divisor of 3525 and 75.
75
What is the highest common factor of 7065 and 360?
45
What is the greatest common factor of 5768 and 56?
56
What is the highest common factor of 21126 and 6?
6
Calculate the highest common factor of 1513 and 17.
17
What is the greatest common divisor of 148 and 2886?
74
Calculate the greatest common factor of 203 and 2378.
29
What is the highest common divisor of 441 and 2303?
49
Calculate the highest common factor of 80 and 170.
10
What is the greatest common factor of 1464 and 12?
12
Calculate the highest common factor of 191 and 8213.
191
What is the greatest common factor of 1302 and 2790?
186
Calculate the highest common factor of 18 and 207.
9
What is the highest common divisor of 6 and 174?
6
What is the highest common factor of 20 and 30?
10
What is the greatest common factor of 43082 and 26?
26
Calculate the greatest common factor of 1548 and 43.
43
Calculate the highest common divisor of 6394 and 46.
46
Calculate the highest common factor of 536 and 40.
8
What is the highest common factor of 50545 and 5?
5
What is the highest common factor of 40 and 1240?
40
Calculate the highest common factor of 2 and 270.
2
Calculate the greatest common divisor of 15 and 9.
3
What is the greatest common divisor of 200 and 8?
8
Calculate the greatest common divisor of 2257 and 37.
37
Calculate the highest common divisor of 10392 and 84.
12
What is the highest common divisor of 411 and 6850?
137
Calculate the highest common factor of 83 and 4.
1
Calculate the greatest common factor of 104 and 91.
13
What is the highest common factor of 2664 and 148?
148
What is the greatest common divisor of 198 and 54?
18
What is the highest common factor of 40 and 80?
40
Calculate the greatest common factor of 26 and 195.
13
Calculate the highest common factor of 518 and 756.
14
What is the greatest common factor of 640 and 5?
5
Calculate the highest common factor of 460 and 44.
4
Calculate the highest common factor of 4092 and 396.
132
Calculate the greatest common divisor of 2788 and 102.
34
Calculate the greatest common divisor of 11 and 209.
11
What is the highest common factor of 3807 and 324?
81
Calculate the highest common divisor of 649 and 253.
11
Calculate the greatest common factor of 1026 and 234.
18
What is the highest common factor of 90 and 18?
18
Calculate the greatest common factor of 423 and 774.
9
Calculate the greatest common factor of 5 and 100.
5
What is the highest common divisor of 459 and 255?
51
What is the greatest common divisor of 32 and 4448?
32
What is the highest common factor of 104 and 56?
8
Calculate the highest common factor of 3150 and 135.
45
Calculate the highest common divisor of 36 and 126.
18
What is the highest common divisor of 210 and 4578?
42
Calculate the highest common divisor of 287 and 820.
41
Calculate the greatest common factor of 564 and 799.
47
What is the greatest common factor of 1241 and 153?
17
What is the greatest common divisor of 836 and 616?
44
What is the highest common factor of 405 and 585?
45
Calculate the highest common factor of 37 and 3737.
37
What is the greatest common factor of 34 and 782?
34
What is the greatest common factor of 2196 and 288?
36
What is the greatest common divisor of 1378 and 546?
26
Calculate the greatest common factor of 2450 and 147.
49
Calculate the highest common divisor of 64 and 376.
8
What is the highest common divisor of 48 and 318?
6
What is the greatest common factor of 360 and 12?
12
What is the greatest common factor of 1633 and 46?
23
What is the greatest common factor of 1786 and 76?
38
Calculate the greatest common divisor of 1152 and 36.
36
Calculate the highest common divisor of 45 and 162.
9
Calculate the greatest common factor of 35 and 21665.
35
Calculate the greatest common divisor of 51 and 9.
3
What is the greatest common factor of 27 and 63?
9
What is the highest common divisor of 1110 and 37?
37
What is the highest common factor of 2728 and 2356?
124
Calculate the highest common factor of 106 and 53.
53
What is the greatest common divisor of 1736 and 1519?
217
Calculate the greatest common factor of 21 and 5040.
21
What is the greatest common factor of 22 and 3014?
22
What is the highest common divisor of 2 and 1658?
2
Calculate the highest common factor of 57 and 133.
19
What is the greatest common divisor of 22 and 1309?
11
Calculate the highest common factor of 8197 and 7.
7
What is the highest common factor of 5 and 4985?
5
What is the highest common factor of 1504 and 48?
16
Calculate the greatest common factor of 44 and 286.
22
Calculate the highest common divisor of 17215 and 55.
55
Calculate the greatest common factor of 966 and 126.
42
Calculate the highest common factor of 62 and 5921.
31
What is the greatest common divisor of 96 and 20?
4
Calculate the highest common divisor of 1059 and 12.
3
Calculate the highest common divisor of 34348 and 124.
124
What is the greatest common divisor of 100 and 180?
20
Calculate the highest common factor of 70 and 150.
10
Calculate the highest common divisor of 22 and 10.
2
Calculate the greatest common divisor of 72 and 4248.
72
What is the highest common factor of 426 and 24?
6
Calculate the highest common factor of 2961 and 84.
21
Calculate the highest common factor of 31 and 403.
31
Calculate the highest common divisor of 12 and 6654.
6
What is the greatest common divisor of 14 and 814?
2
Calculate the highest common divisor of 35 and 12635.
35
What is the highest common factor of 84 and 357?
21
What is the highest common divisor of 155 and 1?
1
Calculate the highest common divisor of 8 and 36.
4
Calculate the greatest common factor of 103 and 12257.
103
Calculate the greatest common factor of 161 and 791.
7
What is the highest common factor of 180 and 30420?
180
What is the highest common factor of 2220 and 2035?
185
Calculate the highest common factor of 1034 and 94.
94
What is the highest common divisor of 59 and 1?
1
Calculate the highest common divisor of 714 and 2754.
102
What is the highest common factor of 14 and 8?
2
What is the highest common factor of 8655 and 30?
15
Calculate the greatest common factor of 12 and 348.
12
What is the highest common factor of 8 and 30?
2
Calculate the highest common factor of 207 and 5267.
23
What is the greatest common divisor of 2970 and 880?
110
What is the greatest common divisor of 99 and 1914?
33
What is the highest common factor of 90080 and 40?
40
Calculate the highest common divisor of 11460 and 300.
60
Calculate the highest common factor of 250 and 230.
10
What is the highest common divisor of 782 and 46?
46
Calculate the greatest common factor of 53 and 795.
53
Calculate the greatest common divisor of 448 and 63.
7
Calculate the greatest common factor of 259 and 1.
1
Calculate the highest common divisor of 315 and 1800.
45
What is the highest common divisor of 4 and 368?
4
Calculate the greatest common factor of 1265 and 2783.
253
Calculate the highest common divisor of 8 and 8.
8
Calculate the greatest common divisor of 25 and 40.
5
What is the greatest common divisor of 7 and 63?
7
Calculate the greatest common factor of 4453 and 61.
61
What is the greatest common factor of 19730 and 30?
10
What is the greatest common divisor of 91 and 60151?
91
Calculate the highest common divisor of 1085 and 70.
35
Calculate the highest common divisor of 1581 and 93.
93
What is the greatest common factor of 690 and 598?
46
What is the highest common factor of 804 and 8241?
201
Calculate the highest common factor of 91 and 234.
13
Calculate the highest common factor of 203 and 6583.
29
Calculate the highest common divisor of 71 and 40967.
71
What is the highest common factor of 57 and 304?
19
Calculate the greatest common factor of 1121 and 19.
19
What is the highest common factor of 257 and 1?
1
Calculate the highest common factor of 57 and 38.
19
Calculate the highest common factor of 4646 and 92.
46
What is th